q**2 - 6*q - 1. List the prime factors of g(-4).
41, 127
Let j(t) = 4*t**2 + 4*t - 22. Let c be j(6). Let q = c - 45. List the prime factors of q.
101
Let z(w) = 5*w**2 + 7*w - 55. Let c(n) = 5*n - 74. Let u be c(13). What are the prime factors of z(u)?
7, 41
Let u = 11154 + 3036. List the prime factors of u.
2, 3, 5, 11, 43
Suppose 3*p - 45 = -2*p - 5*f, -29 = -5*p + 3*f. Let c(d) = 2*d**2 - 13 + 3 + 161*d - 154*d. What are the prime factors of c(p)?
137
Suppose -5*c - 9349 = -4*y, 0 = -3*y + 7*y + c - 9319. Suppose -4*a = -y - 1837. List the prime factors of a.
2, 521
Suppose 0 = y - 2*g + 1, 1 = 4*y - 5*g - 1. Suppose -2*l - 4*a + y*a = -19, 0 = 5*a - 15. List the prime factors of (l*4)/(-3*(-5)/30).
2
Let n(q) = -36*q + 10. Let m(d) = -36*d + 10. Suppose 30*v + 36 = 36*v. Let r(h) = v*n(h) - 7*m(h). List the prime factors of r(3).
2, 7
Suppose 7029*s + 1230502 = 7055*s. What are the prime factors of s?
7, 6761
Suppose -33737 - 31084 = 41*z. What are the prime factors of -1*(0 - 1) + (15 - z)?
1597
Suppose -810*h - 116706 = -816*h. List the prime factors of h.
53, 367
Let y(i) = 2*i**3 + 6*i + 3706. List the prime factors of y(0).
2, 17, 109
Suppose -24*c = -25*c + 2. Let o = c + 3. Suppose o*y - 60 = 3*h - 6*h, -4*h - y = -80. What are the prime factors of h?
2, 5
Suppose 159*n - 31*n = 1093536 + 1246688. What are the prime factors of n?
47, 389
Let g = -171 - -68. Suppose -55*o = -43*o + 2664. Let m = g - o. List the prime factors of m.
7, 17
Let i = -170 + 182. Suppose -5 = 5*y, 11*y - i*y = 4*q - 4419. List the prime factors of q.
5, 13, 17
Suppose -15*n = -148 + 73. Suppose n*l - 1437 = 2*d, l + 5*d = -0*d + 282. List the prime factors of l.
7, 41
Suppose -65*c + 34*c + 280784 = 61*c. List the prime factors of c.
2, 7, 109
Suppose 29*f - 24*f - 10 = 0. Suppose 3*y = p + 679 - 77, 5*y - f*p - 1003 = 0. Suppose -q - 189 + y = 0. What are the prime factors of q?
2, 3
Let d be (30/(-9))/(4 - (-50)/(-12)). Let l = d - -778. List the prime factors of l.
2, 3, 7, 19
Let f = 48 + -52. Let v be 3*-1*(1 - f). Let h(u) = -u**2 - 18*u - 7. List the prime factors of h(v).
2, 19
Let o be (-108)/(-20) + -6 + 242/(-5). Let a = 325 - o. List the prime factors of a.
2, 11, 17
Suppose -17348815 = 105*c - 470*c. List the prime factors of c.
11, 29, 149
Let f = -89 + 95. Suppose 5*y = 15, -3*b - f*y + 5*y = -1707. What are the prime factors of b?
2, 71
Suppose 631363 - 249833 = -4*t + 14*t. What are the prime factors of t?
38153
Let h(p) = 0*p**3 - 5*p + 8*p - 6*p + 1 + p**3. Let r be h(2). Suppose -3*b + 342 = r*u, 5*b - 452 = b - 3*u. What are the prime factors of b?
2, 5, 11
Let x(i) = i**3 - 23*i**2 - 9*i - 16. Let s be x(24). Suppose -3*b + 3995 = s. List the prime factors of b.
1217
Suppose 0 = -2*w + 72*x - 75*x + 20548, 4*w - 4*x - 41116 = 0. What are the prime factors of w?
43, 239
Let u = -221 + 347. Suppose 4*k - 306 = u. List the prime factors of k.
2, 3
Suppose 1908 = 2*k - 4*v, -k + 5*v = -0*v - 951. Suppose -3*f + 3800 = f - 4*c, f - k = -c. What are the prime factors of f?
953
Suppose 5*j - 36 = -w, 3*w - 120 = -2*w + 5*j. Let k = -28 + w. Let m = 6 - k. What are the prime factors of m?
2
Suppose 49 = 8*v - v. Suppose -22 = -5*u - v. Suppose -u*m = -0*m - 168. What are the prime factors of m?
2, 7
Let b be (-8 + 3 - 35)*15/6. What are the prime factors of 5/(b/(-495)) + 2/8?
5
Let j = -218 - -221. Suppose z = -f + 657, -f = j*f + 8. What are the prime factors of z?
659
Suppose -7*g + 11*g - 12 = 0. Suppose 2*h = 3*t - 880, -4*h = -g*t - 73 + 951. List the prime factors of t.
2, 3, 7
Let z(b) = -218*b + 29. Let u be z(6). Let w = u + 1801. Suppose -5*t + w + 78 = 0. List the prime factors of t.
2, 3, 5
Suppose 0 = -t - 2*q + 376 + 2687, -t = -3*q - 3053. List the prime factors of t.
7, 19, 23
Let n(b) = 2*b. Let h be n(2). Suppose 0 = 3*j + 2*j - 5*q + 25, h*j + 4 = -4*q. List the prime factors of 42*(j + (-11)/(-3)).
2, 7
List the prime factors of 1 + 21087 - 23/207*9.
3, 11, 71
Let c = 32863 - 19447. List the prime factors of c.
2, 3, 13, 43
Let z(t) = t**3 + 46*t**2 + 39*t + 14. What are the prime factors of z(-28)?
2, 7, 19
Suppose 5*q = 15*q. Suppose l = 5*y - 4597, q = 4*y + l + 1412 - 5095. What are the prime factors of y?
2, 5, 23
Suppose 0 = g + 4*b + 77, 0 = 3*g - 6*b + 3*b + 156. Suppose -3146 = -23*q + q. Let l = q + g. List the prime factors of l.
2, 43
Suppose -19 = w - 8. Let g(x) = 3*x - 27. Let l(t) = -1. Let s(i) = -g(i) + 2*l(i). What are the prime factors of s(w)?
2, 29
Suppose -18*i + 15*i + 6 = 3*v, v - 2 = 4*i. Suppose -3*n - 2*n - 1529 = -v*m, -3*m + 5*n = -2291. What are the prime factors of m?
2, 3, 127
Suppose 5*c + 5*v = 3*v + 41061, -4*c + 32870 = -9*v. List the prime factors of c.
43, 191
Suppose 228*w + w + 7254480 = 18709060. List the prime factors of w.
2, 5, 41, 61
Suppose 21148 = 37*r - 3*r. Let t = r - 262. What are the prime factors of t?
2, 3, 5
Suppose 3*q - 48 = -15. Suppose -12 = 7*b - q*b. List the prime factors of (3483/12)/b - (-15)/(-20).
2, 3
Let z(y) = 118*y**3 + 14*y**2 - 48*y - 13. List the prime factors of z(6).
23, 1117
Let b = -12975 + 17026. List the prime factors of b.
4051
Let p = -182 + 119. Let v(z) = -2*z**3 - 10*z**2 - 5*z - 22. Let u be v(-5). What are the prime factors of (46/u)/((-14)/p)?
3, 23
Let m be 25/(-3) - 12/(-36). What are the prime factors of (-5)/((-10)/m) + (-10 - -322)?
2, 7, 11
Let x = 545 + -541. Suppose -28*k - x*k = -30720. What are the prime factors of k?
2, 3, 5
List the prime factors of 4 + (8316 - (-12)/9*-3) - 2.
2, 4157
List the prime factors of (-29*(-1)/(-2))/(21*(-23)/474306).
29, 491
Let j(r) = 237*r**3 - 27*r**2 + 10*r + 1. List the prime factors of j(3).
23, 269
Let t = 111 + -107. Suppose t*g + 7*g = 154. Suppose g = -z + 110. What are the prime factors of z?
2, 3
Suppose 0 = 3*a + 3*t - 12, -5*t + 20 = -a - 0*t. Let y be 65*4*(-2)/(-20)*2. Suppose 4*z - 192 = f + 3*f, a = z + f - y. What are the prime factors of z?
2, 5
Suppose 7*d = 12*d - 695. Suppose -k = -556 + d. List the prime factors of k.
3, 139
Suppose 43 = 9*c - 128. Let y = c - -86. Suppose 9*z = 6*z + y. List the prime factors of z.
5, 7
Suppose 2*d + 3*w = 31, -d - 7*w + 8*w + 3 = 0. Suppose -d*g + 6208 = 8*g. What are the prime factors of g?
2, 97
Let n(v) = v**3 - 6*v**2 - 68*v + 14. Let y be n(12). Let b(k) = -43*k - 4. Let w be b(-3). Let p = w + y. List the prime factors of p.
11, 17
Suppose 3*s + 18 + 1974 = 0. Let x = 210 - s. What are the prime factors of x?
2, 19, 23
Let l(w) = 7*w - 10. Let r be l(0). Let i(y) be the third derivative of -y**6/120 - 2*y**5/15 + 11*y**4/24 + 4*y**3/3 - 4*y**2. List the prime factors of i(r).
2, 7
Suppose 4*s - 15*f - 211380 = -18*f, -5*f = -40. List the prime factors of s.
3, 19, 103
Suppose 2*w = 3 + 7. Suppose 72 = 17*c - w*c. What are the prime factors of 388/3 - c/(-9)?
2, 5, 13
Let r = 1366 + -776. What are the prime factors of r + (-20)/(-25)*10/(-2)?
2, 293
Let h = 3 + 5. Suppose h*c = 7 + 25. What are the prime factors of 212 - (2 - 3 - c)?
7, 31
Let k = -183 + 211. Suppose -k*i = -26*i - 2382. List the prime factors of i.
3, 397
Let m(b) = 73*b**2 + 16*b + 259. What are the prime factors of m(-10)?
7, 151
Let u = 668 - -150. What are the prime factors of u?
2, 409
Let z(b) = 10*b**2 + 44*b - 156. List the prime factors of z(35).
2, 17, 401
Let u be ((-1967)/(-2))/(16/32). Suppose 4*h = -4*y - y + 2576, -u = -3*h + 5*y. What are the prime factors of h?
11, 59
Let u be (-30)/(-4)*12118/219. Let b = 266 + u. What are the prime factors of b?
3, 227
Suppose 10*c - 99843 = -b, -27 = -b - 24. What are the prime factors of c?
2, 3, 13
Let p(t) = -41 + 19 - 13*t - 23. What are the prime factors of p(-5)?
2, 5
Suppose j - 5 = 2*j. List the prime factors of (-358)/j + (-21)/35 + 1.
2, 3
Let x be (-1)/((-2)/20*-5) + 6. List the prime factors of 14*((-702)/(-24) + (-1)/x).
2, 7, 29
Let z = 278 + 42. Suppose -h = 4*h - z. Suppose h = 18*g - 14*g. List the prime factors of g.
2
Suppose -3*w + 5*m = -32, w - 2*m - 12 = -0*w. Suppose -6*l = -w*l + 4. List the prime factors of ((-121)/(-1))/(l + 3 - 0).
11
What are the prime factors of ((-6)/((-42)/(-35)) + 0)/(3/(-10821))?
5, 3607
List the prime factors of 0 + (9378/63)/((-1)/(-14)).
2, 521
Let l be